[INFO] cloning repository https://github.com/Bietola/alba
[INFO] running `Command { std: "git" "-c" "credential.helper=" "-c" "credential.helper=/workspace/cargo-home/bin/git-credential-null" "clone" "--bare" "https://github.com/Bietola/alba" "/workspace/cache/git-repos/https%3A%2F%2Fgithub.com%2FBietola%2Falba", kill_on_drop: false }`
[INFO] [stderr] Cloning into bare repository '/workspace/cache/git-repos/https%3A%2F%2Fgithub.com%2FBietola%2Falba'...
[INFO] running `Command { std: "git" "rev-parse" "HEAD", kill_on_drop: false }`
[INFO] [stdout] 294eefbba7069de7529c60b78257a3871e7f1527
[INFO] checking Bietola/alba against master#cfbc6d4cf1acbac5c025acf8ed68929caa551df3 for pr-75494-beta
[INFO] running `Command { std: "git" "clone" "/workspace/cache/git-repos/https%3A%2F%2Fgithub.com%2FBietola%2Falba" "/workspace/builds/worker-9/source", kill_on_drop: false }`
[INFO] [stderr] Cloning into '/workspace/builds/worker-9/source'...
[INFO] [stderr] done.
[INFO] validating manifest of git repo https://github.com/Bietola/alba on toolchain cfbc6d4cf1acbac5c025acf8ed68929caa551df3
[INFO] running `Command { std: "/workspace/cargo-home/bin/cargo" "+cfbc6d4cf1acbac5c025acf8ed68929caa551df3" "read-manifest" "--manifest-path" "Cargo.toml", kill_on_drop: false }`
[INFO] started tweaking git repo https://github.com/Bietola/alba
[INFO] finished tweaking git repo https://github.com/Bietola/alba
[INFO] tweaked toml for git repo https://github.com/Bietola/alba written to /workspace/builds/worker-9/source/Cargo.toml
[INFO] crate git repo https://github.com/Bietola/alba already has a lockfile, it will not be regenerated
[INFO] running `Command { std: "/workspace/cargo-home/bin/cargo" "+cfbc6d4cf1acbac5c025acf8ed68929caa551df3" "fetch" "--locked" "--manifest-path" "Cargo.toml", kill_on_drop: false }`
[INFO] running `Command { std: "docker" "create" "-v" "/var/lib/crater-agent-workspace/builds/worker-9/target:/opt/rustwide/target:rw,Z" "-v" "/var/lib/crater-agent-workspace/builds/worker-9/source:/opt/rustwide/workdir:ro,Z" "-v" "/var/lib/crater-agent-workspace/cargo-home:/opt/rustwide/cargo-home:ro,Z" "-v" "/var/lib/crater-agent-workspace/rustup-home:/opt/rustwide/rustup-home:ro,Z" "-e" "SOURCE_DIR=/opt/rustwide/workdir" "-e" "CARGO_TARGET_DIR=/opt/rustwide/target" "-e" "CARGO_HOME=/opt/rustwide/cargo-home" "-e" "RUSTUP_HOME=/opt/rustwide/rustup-home" "-w" "/opt/rustwide/workdir" "-m" "1610612736" "--user" "0:0" "--network" "none" "rustops/crates-build-env@sha256:a636fd89d022f18117e1dc8fb37a0a009933cdbbe082814857f0e2024962d47c" "/opt/rustwide/cargo-home/bin/cargo" "+cfbc6d4cf1acbac5c025acf8ed68929caa551df3" "metadata" "--no-deps" "--format-version=1", kill_on_drop: false }`
[INFO] [stdout] cf7075a9aa8d99119931e8fe9d48c13d8b8c9573d8f35dae4e6b4518f097a54f
[INFO] [stderr] WARNING: Your kernel does not support swap limit capabilities or the cgroup is not mounted. Memory limited without swap.
[INFO] running `Command { std: "docker" "start" "-a" "cf7075a9aa8d99119931e8fe9d48c13d8b8c9573d8f35dae4e6b4518f097a54f", kill_on_drop: false }`
[INFO] running `Command { std: "docker" "inspect" "cf7075a9aa8d99119931e8fe9d48c13d8b8c9573d8f35dae4e6b4518f097a54f", kill_on_drop: false }`
[INFO] running `Command { std: "docker" "rm" "-f" "cf7075a9aa8d99119931e8fe9d48c13d8b8c9573d8f35dae4e6b4518f097a54f", kill_on_drop: false }`
[INFO] [stdout] cf7075a9aa8d99119931e8fe9d48c13d8b8c9573d8f35dae4e6b4518f097a54f
[INFO] running `Command { std: "docker" "create" "-v" "/var/lib/crater-agent-workspace/builds/worker-9/target:/opt/rustwide/target:rw,Z" "-v" "/var/lib/crater-agent-workspace/builds/worker-9/source:/opt/rustwide/workdir:ro,Z" "-v" "/var/lib/crater-agent-workspace/cargo-home:/opt/rustwide/cargo-home:ro,Z" "-v" "/var/lib/crater-agent-workspace/rustup-home:/opt/rustwide/rustup-home:ro,Z" "-e" "SOURCE_DIR=/opt/rustwide/workdir" "-e" "CARGO_TARGET_DIR=/opt/rustwide/target" "-e" "CARGO_INCREMENTAL=0" "-e" "RUST_BACKTRACE=full" "-e" "RUSTFLAGS=--cap-lints=forbid" "-e" "CARGO_HOME=/opt/rustwide/cargo-home" "-e" "RUSTUP_HOME=/opt/rustwide/rustup-home" "-w" "/opt/rustwide/workdir" "-m" "1610612736" "--user" "0:0" "--network" "none" "rustops/crates-build-env@sha256:a636fd89d022f18117e1dc8fb37a0a009933cdbbe082814857f0e2024962d47c" "/opt/rustwide/cargo-home/bin/cargo" "+cfbc6d4cf1acbac5c025acf8ed68929caa551df3" "check" "--frozen" "--all" "--all-targets" "--message-format=json", kill_on_drop: false }`
[INFO] [stdout] d73afa65e921c18283067fcac7eeb3888a115b9f1514cc2ec44bcfecd1aea107
[INFO] [stderr] WARNING: Your kernel does not support swap limit capabilities or the cgroup is not mounted. Memory limited without swap.
[INFO] running `Command { std: "docker" "start" "-a" "d73afa65e921c18283067fcac7eeb3888a115b9f1514cc2ec44bcfecd1aea107", kill_on_drop: false }`
[INFO] [stderr]    Compiling libc v0.2.71
[INFO] [stderr]    Compiling getrandom v0.1.14
[INFO] [stderr]    Compiling cfg-if v0.1.10
[INFO] [stderr]    Compiling siphasher v0.3.3
[INFO] [stderr]    Compiling memchr v2.3.3
[INFO] [stderr]    Compiling bitflags v1.2.1
[INFO] [stderr]     Checking fnv v1.0.7
[INFO] [stderr]     Checking void v1.0.2
[INFO] [stderr]     Checking tinyvec v0.3.3
[INFO] [stderr]     Checking smallstr v0.2.0
[INFO] [stderr]     Checking phf_shared v0.8.0
[INFO] [stderr]     Checking phf v0.8.0
[INFO] [stderr]     Checking unicode-normalization v0.1.13
[INFO] [stderr]     Checking nom v5.1.2
[INFO] [stderr]     Checking dirs-sys v0.3.5
[INFO] [stderr]     Checking nix v0.17.0
[INFO] [stderr]     Checking dirs v1.0.5
[INFO] [stderr]     Checking dirs v2.0.2
[INFO] [stderr]    Compiling rand_core v0.5.1
[INFO] [stderr]    Compiling rand_chacha v0.2.2
[INFO] [stderr]    Compiling rand_pcg v0.2.1
[INFO] [stderr]    Compiling rand v0.7.3
[INFO] [stderr]    Compiling phf_generator v0.8.0
[INFO] [stderr]    Compiling phf_codegen v0.8.0
[INFO] [stderr]    Compiling terminfo v0.7.3
[INFO] [stderr]     Checking mortal v0.2.2
[INFO] [stderr]     Checking linefeed v0.6.0
[INFO] [stderr]     Checking alba v0.1.0 (/opt/rustwide/workdir)
[INFO] [stdout] error[E0433]: failed to resolve: use of undeclared type or module `rustyline`
[INFO] [stdout]  --> src/main.rs:8:22
[INFO] [stdout]   |
[INFO] [stdout] 8 |         let mut rl = rustyline::Editor::<()>::with_config(
[INFO] [stdout]   |                      ^^^^^^^^^ use of undeclared type or module `rustyline`
[INFO] [stdout] 
[INFO] [stdout] 
[INFO] [stdout] error[E0433]: failed to resolve: use of undeclared type or module `rustyline`
[INFO] [stdout]  --> src/main.rs:9:13
[INFO] [stdout]   |
[INFO] [stdout] 9 |             rustyline::Config::builder()
[INFO] [stdout]   |             ^^^^^^^^^ use of undeclared type or module `rustyline`
[INFO] [stdout] 
[INFO] [stdout] 
[INFO] [stdout] warning: unused import: `std::io`
[INFO] [stdout]  --> src/main.rs:1:5
[INFO] [stdout]   |
[INFO] [stdout] 1 | use std::io;
[INFO] [stdout]   |     ^^^^^^^
[INFO] [stdout]   |
[INFO] [stdout]   = note: `#[warn(unused_imports)]` on by default
[INFO] [stdout] 
[INFO] [stdout] 
[INFO] [stdout] error[E0433]: failed to resolve: use of undeclared type or module `rustyline`
[INFO] [stdout]  --> src/main.rs:8:22
[INFO] [stdout]   |
[INFO] [stdout] 8 |         let mut rl = rustyline::Editor::<()>::with_config(
[INFO] [stdout]   |                      ^^^^^^^^^ use of undeclared type or module `rustyline`
[INFO] [stdout] 
[INFO] [stdout] 
[INFO] [stdout] error: aborting due to 2 previous errors; 1 warning emitted
[INFO] [stdout] 
[INFO] [stdout] 
[INFO] [stdout] error[E0433]: failed to resolve: use of undeclared type or module `rustyline`
[INFO] [stdout]  --> src/main.rs:9:13
[INFO] [stdout]   |
[INFO] [stdout] 9 |             rustyline::Config::builder()
[INFO] [stdout]   |             ^^^^^^^^^ use of undeclared type or module `rustyline`
[INFO] [stdout] 
[INFO] [stdout] 
[INFO] [stdout] warning: unused import: `std::io`
[INFO] [stdout]  --> src/main.rs:1:5
[INFO] [stdout]   |
[INFO] [stdout] 1 | use std::io;
[INFO] [stdout]   |     ^^^^^^^
[INFO] [stdout]   |
[INFO] [stdout]   = note: `#[warn(unused_imports)]` on by default
[INFO] [stdout] 
[INFO] [stdout] 
[INFO] [stdout] For more information about this error, try `rustc --explain E0433`.
[INFO] [stdout] 
[INFO] [stderr] error: could not compile `alba`.
[INFO] [stderr] 
[INFO] [stderr] To learn more, run the command again with --verbose.
[INFO] [stderr] warning: build failed, waiting for other jobs to finish...
[INFO] [stdout] error: aborting due to 2 previous errors; 1 warning emitted
[INFO] [stdout] 
[INFO] [stdout] 
[INFO] [stdout] For more information about this error, try `rustc --explain E0433`.
[INFO] [stdout] 
[INFO] [stderr] error: build failed
[INFO] running `Command { std: "docker" "inspect" "d73afa65e921c18283067fcac7eeb3888a115b9f1514cc2ec44bcfecd1aea107", kill_on_drop: false }`
[INFO] running `Command { std: "docker" "rm" "-f" "d73afa65e921c18283067fcac7eeb3888a115b9f1514cc2ec44bcfecd1aea107", kill_on_drop: false }`
[INFO] [stdout] d73afa65e921c18283067fcac7eeb3888a115b9f1514cc2ec44bcfecd1aea107
